{"id":9,"date":"2022-10-29T22:29:42","date_gmt":"2022-10-29T20:29:42","guid":{"rendered":"https:\/\/latelier-de-marion.fr\/?page_id=9"},"modified":"2023-03-25T13:56:31","modified_gmt":"2023-03-25T12:56:31","slug":"bienvenue-dans-mon-atelier","status":"publish","type":"page","link":"https:\/\/latelier-de-marion.fr\/","title":{"rendered":"Bienvenue dans mon atelier !"},"content":{"rendered":"\n<p class=\"has-text-align-left\">Bonjour et bienvenue dans mon atelier ! <\/p>\n\n\n\n<p>Je me pr\u00e9sente : Marion, jeune cr\u00e9atrice couturi\u00e8re. Passionn\u00e9e de cr\u00e9ations, j\u2019aime confectionner de jolies choses et cr\u00e9er des articles uniques. Vous trouverez sur ce site un panel de mes r\u00e9alisations toutes plus personnalisables les unes que les autres. <\/p>\n\n\n\n<p>\u00ab L\u2019atelier de Marion \u00bb est n\u00e9 d\u2019une envie de partager et de faire conna\u00eetre mes produits. <\/p>\n\n\n\n<p>Je vous souhaite une bonne visite et je vous dis \u00e0 bient\u00f4t.<\/p>\n\n\n\n<div class=\"wp-block-columns alignfull has-text-color has-background is-layout-flex wp-container-core-columns-is-layout-9d6595d7 wp-block-columns-is-layout-flex\" style=\"color:#000000;background-color:#ffffff\">\n<div class=\"wp-block-column is-layout-flow wp-block-column-is-layout-flow\">\n<h3 class=\"wp-block-heading\" style=\"font-size:24px;line-height:1.3\"><a href=\"https:\/\/latelier-de-marion.fr\/index.php\/2023\/03\/25\/bientot-paques\/\" target=\"_blank\" rel=\"noreferrer noopener\">Dernier article<\/a><\/h3>\n\n\n\n<p><a href=\"https:\/\/latelier-de-marion.fr\/index.php\/2023\/03\/25\/bientot-paques\/\" target=\"_blank\" rel=\"noreferrer noopener\">25-03-2023 &#8212; Bient\u00f4t P\u00e2ques !<\/a><\/p>\n\n\n\n<p><a rel=\"noreferrer noopener\" href=\"https:\/\/latelier-de-marion.fr\/index.php\/2023\/03\/20\/cest-le-printemps\/\" target=\"_blank\">20-03-2023 &#8212; C&rsquo;est le Printemps !<\/a><\/p>\n\n\n\n<p><a rel=\"noreferrer noopener\" href=\"https:\/\/latelier-de-marion.fr\/index.php\/2023\/01\/29\/les-personnalisations-font-leur-entree\/\" target=\"_blank\">29-01-2023 &#8212; Les personnalisations font leur entr\u00e9e<\/a><\/p>\n\n\n\n<p><a href=\"https:\/\/latelier-de-marion.fr\/index.php\/2023\/01\/02\/bonne-annee\/\" target=\"_blank\" rel=\"noreferrer noopener\">02-01-2023 &#8212; Bonne ann\u00e9e !<\/a><\/p>\n\n\n\n<p><a href=\"https:\/\/latelier-de-marion.fr\/index.php\/2022\/12\/22\/bienvenue-aux-bebes\/\" target=\"_blank\" rel=\"noreferrer noopener\">22-12-2022 &#8212; Bienvenue aux b\u00e9b\u00e9s !<\/a><\/p>\n\n\n\n<p><a rel=\"noreferrer noopener\" href=\"https:\/\/latelier-de-marion.fr\/index.php\/2022\/12\/10\/cest-noel\/\" target=\"_blank\">10-12-2022 &#8212; C&rsquo;est no\u00ebl !<\/a><\/p>\n\n\n\n<p><a href=\"https:\/\/latelier-de-marion.fr\/index.php\/2022\/10\/30\/mise-en-ligne-du-site-2\/\" target=\"_blank\" rel=\"noreferrer noopener\">30-10-2022 &#8212; Mise en ligne du site<\/a><\/p>\n<\/div>\n\n\n\n<div class=\"wp-block-column is-layout-flow wp-block-column-is-layout-flow\">\n<h3 class=\"wp-block-heading\" style=\"font-size:24px;line-height:1.3\"><a href=\"https:\/\/latelier-de-marion.fr\/index.php\/mes-creations\/\" data-type=\"URL\" data-id=\"https:\/\/latelier-de-marion.fr\/index.php\/mes-creations\/\">Mes cr\u00e9ations<\/a><\/h3>\n\n\n\n<p>Parcourez mes cr\u00e9ations<\/p>\n<\/div>\n\n\n\n<div class=\"wp-block-column is-layout-flow wp-block-column-is-layout-flow\">\n<h3 class=\"wp-block-heading\" style=\"font-size:24px;line-height:1.3\"><a href=\"https:\/\/latelier-de-marion.fr\/index.php\/a-propos-de-moi\/\" data-type=\"URL\" data-id=\"https:\/\/latelier-de-marion.fr\/index.php\/a-propos-de-moi\/\">A propos de moi<\/a><\/h3>\n\n\n\n<p>Informations me concernant<\/p>\n<\/div>\n<\/div>\n\n\n<ul class=\"wp-block-latest-posts__list wp-block-latest-posts\"><li><a class=\"wp-block-latest-posts__post-title\" href=\"https:\/\/latelier-de-marion.fr\/index.php\/2023\/03\/25\/bientot-paques\/\">Bient\u00f4t P\u00e2ques !<\/a><\/li>\n<li><a class=\"wp-block-latest-posts__post-title\" href=\"https:\/\/latelier-de-marion.fr\/index.php\/2023\/03\/20\/cest-le-printemps\/\">C&rsquo;est le Printemps !<\/a><\/li>\n<li><a class=\"wp-block-latest-posts__post-title\" href=\"https:\/\/latelier-de-marion.fr\/index.php\/2023\/01\/29\/les-personnalisations-font-leur-entree\/\">Les personnalisations font leur entr\u00e9e<\/a><\/li>\n<li><a class=\"wp-block-latest-posts__post-title\" href=\"https:\/\/latelier-de-marion.fr\/index.php\/2023\/01\/02\/bonne-annee\/\">Bonne ann\u00e9e !<\/a><\/li>\n<li><a class=\"wp-block-latest-posts__post-title\" href=\"https:\/\/latelier-de-marion.fr\/index.php\/2022\/12\/22\/bienvenue-aux-bebes\/\">Bienvenue aux b\u00e9b\u00e9s !<\/a><\/li>\n<\/ul>","protected":false},"excerpt":{"rendered":"<p>Bonjour et bienvenue dans mon atelier ! Je me pr\u00e9sente : Marion, jeune cr\u00e9atrice couturi\u00e8re. Passionn\u00e9e de cr\u00e9ations, j\u2019aime confectionner de jolies choses et cr\u00e9er des articles uniques. Vous trouverez sur ce site un panel de mes r\u00e9alisations toutes plus personnalisables les unes que les autres. \u00ab L\u2019atelier de Marion \u00bb est n\u00e9 d\u2019une envie [&hellip;]<\/p>\n","protected":false},"author":1,"featured_media":0,"parent":0,"menu_order":0,"comment_status":"open","ping_status":"closed","template":"","meta":{"footnotes":""},"class_list":["post-9","page","type-page","status-publish","hentry"],"_links":{"self":[{"href":"https:\/\/latelier-de-marion.fr\/index.php\/wp-json\/wp\/v2\/pages\/9","targetHints":{"allow":["GET"]}}],"collection":[{"href":"https:\/\/latelier-de-marion.fr\/index.php\/wp-json\/wp\/v2\/pages"}],"about":[{"href":"https:\/\/latelier-de-marion.fr\/index.php\/wp-json\/wp\/v2\/types\/page"}],"author":[{"embeddable":true,"href":"https:\/\/latelier-de-marion.fr\/index.php\/wp-json\/wp\/v2\/users\/1"}],"replies":[{"embeddable":true,"href":"https:\/\/latelier-de-marion.fr\/index.php\/wp-json\/wp\/v2\/comments?post=9"}],"version-history":[{"count":17,"href":"https:\/\/latelier-de-marion.fr\/index.php\/wp-json\/wp\/v2\/pages\/9\/revisions"}],"predecessor-version":[{"id":392,"href":"https:\/\/latelier-de-marion.fr\/index.php\/wp-json\/wp\/v2\/pages\/9\/revisions\/392"}],"wp:attachment":[{"href":"https:\/\/latelier-de-marion.fr\/index.php\/wp-json\/wp\/v2\/media?parent=9"}],"curies":[{"name":"wp","href":"https:\/\/api.w.org\/{rel}","templated":true}]}}